t t = d - 27. Let n = 226 - t. Is n a prime number?
False
Is ((-35)/(-21) - 2)*-5679 a prime number?
False
Let u(n) = -n**3 - 5*n**2 + 4*n + 12. Let w be u(-5). Let t(i) = 1. Let y(r) = -10*r - 14. Let z(d) = 5*t(d) + y(d). Is z(w) a composite number?
False
Let q(c) = 62*c**3 + 2*c + 2. Let m = -47 - -49. Is q(m) composite?
True
Let z be (-3 + 4)/((-1)/8). Let y be (z*1/(-2))/(-2). Is (-3)/y - 3542/(-4) composite?
False
Let i = 81 - 81. Suppose 0 = -4*w - i*z + 3*z + 7685, w - 1922 = z. Is w a prime number?
False
Let a = 92 - 107. Is ((-10)/a)/(((-4)/3117)/(-2)) prime?
True
Suppose 0 = -g + 3*p, -8*p = -2*g - 3*p. Let l(z) = -z**2 - z + 1727. Is l(g) composite?
True
Let o(t) = -70*t - 25. Let s be o(-11). Let n = s - 521. Suppose 2*c - 8*q - 158 = -3*q, q = 3*c - n. Is c composite?
True
Let h(d) = 9*d**2 - 8*d + 6. Let t be h(5). Let l(p) = 2*p**2 - 38*p + 26. Let o be l(15). Let x = t + o. Is x prime?
True
Let x(p) = 1165*p**2 - 11*p + 31. Is x(5) composite?
False
Let c(q) = 2*q - 11. Let z be c(7). Is (5400/5 - z) + 2 composite?
True
Let p = -42 - -45. Is (-4803)/9*p/(-1) a composite number?
False
Let t = 10 + -4. Let k be 64/12 - 2/t. Suppose 4*v + 445 = k*s, s + 2*v = 39 + 36. Is s prime?
False
Suppose 56*p = 69*p - 123331. Is p a prime number?
False
Suppose -5*q + 2535 = 2*m, 3*m - 4*m + 3*q = -1240. Is m composite?
True
Let s be (3 - -1)*(-60)/(-24). Let n(d) = d**2 - 11*d + 20. Is n(s) composite?
True
Let d(f) = -f**3 - 6*f**2 + 5*f - 11. Let x be d(-7). Let u = -36 + 67. Suppose 0 = -2*w - x*l + 421, -2*l - 162 = -w + u. Is w composite?
True
Let z(d) = 31*d**2 + 4*d + 1. Suppose 5 = p, a + 15 + 9 = 4*p. Is z(a) composite?
True
Let q be 3550*(-3)/(-6) - 2. Suppose 4*l - 4*t - 1778 = 2*l, 2*l - q = -t. Is l a composite number?
False
Let w = -5158 + 15419. Is w a prime number?
False
Suppose 4*j + 2*p = -11 - 57, p + 66 = -4*j. Let n(r) = -62*r**3 + r**2 + 3*r + 2. Let m be n(-1). Let y = j + m. Is y composite?
True
Let v(m) = -9*m + 3029. Is v(0) composite?
True
Let l(a) be the third derivative of 5*a**5/12 + a**4/12 + 5*a**3/3 + 3*a**2 + 5*a. Is l(7) composite?
False
Suppose m + 252 = 3*m. Suppose -m = 6*f - 888. Is f prime?
True
Suppose 4*i - k - 731 = 0, i + 0*i - 182 = k. Suppose -464 = -s + i. Is s a prime number?
True
Let r(m) = -20*m**2 - m - 5. Let n be r(-3). Let f = 345 + n. Let w = f + -57. Is w prime?
False
Suppose 3*y = -2*o + 1, -2*o + 8 = -4*y - 7*o. Suppose y*u = -26 + 1205. Is u a composite number?
True
Let s = -14 - -17. Suppose -4*a + 15 = -s*a. Suppose -100 = a*w - 19*w. Is w composite?
True
Let q = 2470 - 1673. Suppose 5*y = -4*l + q, -646 = -4*y - 3*l + 4*l. Is y composite?
True
Suppose -4*m - 1 + 5 = 0. Let j = -1 - m. Is j/14 + (-6736)/(-14) prime?
False
Suppose -2*z = -c + 3*c - 10, 2*c = z + 1. Suppose h = 4*u - 2, 0 + 3 = z*u. Suppose -h*r + 2*w - 775 = -5*r, -2*r - w + 517 = 0. Is r composite?
True
Suppose -2 = c, 0 = o - 5*c + 2*c - 6. Suppose 4*n + 2*l - 192 = 0, o*n - l + 49 = n. Is n a prime number?
True
Let o(x) = -199*x**3 - 4*x**2 + 3*x + 3. Let t(s) = -s**2. Let m(c) = o(c) - 4*t(c). Is m(-2) composite?
True
Let w = -27074 - -51271. Is w prime?
True
Let y = -762 + 1353. Let d be -2 + 0 + y/3. Is 0 + -2 + (d - 6) prime?
False
Suppose 13*u + 30681 = 22*u. Is u composite?
True
Let d = 669 - 1183. Is d/(-8)*(3 - -17) a prime number?
False
Let y(b) = -b**2 + 10*b - 4. Let c be y(9). Suppose -75 = 4*z + 61. Let i = c - z. Is i composite?
True
Suppose 50 = 8*i - 6*i. Suppose -i + 112 = v. Is v a prime number?
False
Suppose -16*q + 7*q = -30663. Is q composite?
False
Let k = -31 + 212. Suppose 2*s - s - k = 0. Is s a composite number?
False
Let a be (8/32)/(1/28). Suppose 0 = -2*q + a*q - 10. Is (-226 - 0)*q/(-4) composite?
False
Suppose 4*y = 5*q - 2*q - 3471, -3*q = -5*y - 4341. Let i = y - -1987. Is i prime?
True
Let j = -5392 - -9041. Suppose -4*p - 45 = -j. Let a = p - 564. Is a a prime number?
True
Suppose 12 = 4*f - f. Suppose -p + 4 = 3*n - 4*n, 2*n = -4*p + f. Suppose -p*a + 81 = -357. Is a a composite number?
True
Suppose -2*b - u + 995 = 0, 0 = -b + 4*b - 3*u - 1479. Let j be 364/195 - (-4)/30. Suppose 0 = o + 2, 436 + b = j*d + 3*o. Is d a prime number?
False
Suppose 3*q - 2 = -8. Let z be (-3)/((-7)/3 - q). Let h(p) = -p**3 + 9*p**2 + 6*p + 11. Is h(z) a prime number?
False
Let g = 375 + 1436. Is g a prime number?
True
Suppose 0 = 2*v - 5*w - 4011, -4*v + w + 6988 = -1025. Let x = v - 1294. Is x prime?
True
Let y(p) = -3*p + 24. Let w be y(10). Let t be w/4*(-6754)/33. Suppose -c + t = -106. Is c a prime number?
False
Let r(l) = -l**3 - 3*l**2 - 2*l + 7. Suppose 2*s = 6*s + 60. Let a = 9 + s. Is r(a) a prime number?
True
Let t(g) = -3944*g**3 - g**2 + 5*g + 5. Is t(-1) a prime number?
True
Let m = 59 - 60. Is 307*(m + -2 - -8) a composite number?
True
Suppose 10*x + 121 = -x. Let w = 553 + x. Is w prime?
False
Let r(d) be the third derivative of -d**5/60 - 11*d**4/24 + d**3/6 + 15*d**2. Let h be (18/(-8))/((-4)/(-16)). Is r(h) a composite number?
False
Let w be (-4)/(-10) + (-8544)/(-15). Suppose 7*z - 3132 = -w. Suppose z = 4*m - m. Is m composite?
True
Suppose -4 = 6*q - 16. Suppose 4*k = 4*t - 3430 - 8714, 5*t + q*k = 15187. Is t prime?
True
Is 352/3 - 34/(-51) composite?
True
Suppose -c + 18 = -3*t, 3*c + 0*t + 3*t = 42. Is 4/(-10) - (-1596)/c composite?
True
Let r(g) be the first derivative of -36*g**2 - g + 13. Is r(-9) prime?
True
Let f(n) = 18*n**2 + 7*n + 2. Let d be f(5). Suppose 5*w + y - 5*y + d = 0, w + y = -92. Let b = w - -222. Is b prime?
True
Suppose h + 0*h + 12 = -o, -4*o = 0. Let v be 3/9*3*-2. Is h/8 - 965/v prime?
False
Suppose 7*o = 4*o + 6. Suppose 2*l + 1645 = 7*l + q, 0 = -l + o*q + 329. Is l a composite number?
True
Let c = 2286 + 27391. Is c a composite number?
True
Suppose -96415 = -4*s + 1021. Is s prime?
True
Let g(u) = -2*u - 25. Let d be g(-14). Suppose 0 = -4*j - k + 1323, -2*j + k = -d*k - 666. Is j a composite number?
False
Let s be 4/(-3) - (-209)/33. Let f = 5 + -1. Suppose -s*h = 2*l - 6*l - 191, f*h = 5*l + 160. Is h a prime number?
False
Suppose 0 = 99*n - 105*n + 22026. Is n composite?
False
Let p(a) = 2*a**2 + 30*a - 7. Is p(15) prime?
False
Suppose -d - 1810 = -2*d - 3*l, -1813 = -d - 4*l. Is d a composite number?
False
Let p(z) = 1856*z**2 - z + 18. Is p(-5) composite?
True
Suppose -3*m = -2*s - 11 + 1, 3*m = -2*s - 10. Suppose -4*l + 368 + 2124 = m. Is l prime?
False
Is (-119568)/(-60) - (-5)/25 composite?
False
Suppose -2*m + 3*m = 127. Suppose -g = -3*n - 1245, -m = 3*n - 3*g + 1118. Let p = -228 - n. Is p prime?
False
Let o(y) = 3*y**3 - 17*y**2 + 24*y + 43. Is o(13) a prime number?
True
Suppose 2*z - 5*z = -216. Suppose -d + z = -11. Is d composite?
False
Let y = 3021 - 178. Is y composite?
False
Suppose -72*h + 49182 = -66*h. Is h prime?
False
Suppose -8 = -3*m - 2. Suppose k - 6*k - m*u = -8647, -k + 2*u + 1739 = 0. Is k a composite number?
True
Let n = 16 - -2. Suppose -4*s + 2 + n = 0. Suppose 2442 + 973 = s*m. Is m a prime number?
True
Is (7 + 171)/((-8)/(-76)) a composite number?
True
Is ((-1)/2)/((-69)/669162) a composite number?
True
Let b(l) be the first derivative of 31*l**4/6 + l**3/2 + 2*l**2 - l - 7. Let j(w) be the first derivative of b(w). Is j(-3) prime?
False
Let d be 0/(2 - -2) - -689. Suppose -4*f + d = -363. Is f a prime number?
True
Suppose -4*p + 19 = x + 4*x, -3*x = -p - 8. Suppose -3859 = -x*m - 613. Is m composite?
True
Let r(v) = 24*v + 10. Let a(q) = 6*q + 30*q - 4*q + 29 + 39*q. Let d(z) = -6*a(z) + 17*r(z). Is d(-5) prime?
False
Let i(r) = 8*r - 11. Let b(s) = -s + 6. Let a(v) = v - 5. Let u(j) = 2*a(j) + 3*b(j). Let h be u(-3). Is i(h) a composite number?
True
Let z(f) = 2858*f**2 - 31*f - 188. Is z(-5) composite?
True
Let d(u) = 12*u - 2. Let g be d(1). Suppose g*r = 6*r + 6172. Is r a composite number?
False
Suppose -5*v + 893 = -412. Let w = 568 - v. Is w a composite number?
False
Let l(i) = -i**2 - 8*i - 1. Let r be l(-6). Suppose -3*k - o = -2*o - r, 4*o + 28 = 4*k. Suppose 0 = 3*v + 5*g - 381, k*g + g - 381 = -3*v. Is v a prime number?
True
Is (-16)/((-16)/(-2)) + (39370 - 1) prime?
True
Let x be (-3)/(7/2 - 2). Let v(c) = -6*c. Let u be v(x). Suppose r = -k + 502, u = -5*k + k. Is r a composite number?
True
